e 16) to base 5
-1334114340
What is 170763 (base 8) in base 10?
61939
Convert 444415 (base 6) to base 10.
37307
Convert 1021133423 (base 5) to base 8.
10101070
32250551 (base 7) to base 6
134551535
-25120031 (base 6) to base 15
-10d144
What is -4a6600 (base 12) in base 13?
-3366c6
What is 553a0 (base 11) in base 13?
2a746
3133331321 (base 4) to base 10
917369
Convert -32537 (base 16) to base 6.
-4230155
What is -7bc5c (base 15) in base 13?
-10a60a
What is -216610 (base 7) in base 3?
-1221122021
-1000001110110101001011 (base 2) to base 11
-1244297
1111000010111001 (base 2) to base 5
3433000
1487084 (base 10) to base 3
2210112220012
-7d302 (base 14) to base 6
-10312502
What is 15726621 (base 9) in base 10?
7871518
Convert -101200121102 (base 3) to base 11.
-134089
Convert 42585 (base 9) to base 8.
67030
-114355 (base 7) to base 10
-20767
50cae (base 15) to base 14
6940d
What is -3503661 (base 7) in base 4?
-1223001030
Convert 1030002131 (base 5) to base 8.
10261017
Convert -146455212 (base 7) to base 6.
-551010550
Convert -314513 (base 6) to base 7.
-134601
What is 100110101000000010 (base 2) in base 8?
465002
What is -125245 (base 7) in base 16?
-5b9f
Convert 2b2dc2 (base 14) to base 15.
1eb53a
Convert -11100001100001111101111 (base 2) to base 3.
-111220110102210
-8979220 (base 10) to base 7
-136215325
Convert 541212 (base 7) to base 6.
2003333
1770651 (base 9) to base 13
289246
Convert 2958477 (base 10) to base 16.
2d248d
What is 221002330 (base 4) in base 2?
101001000010111100
-25767 (base 8) to base 9
-16385
What is 716d51 (base 15) in base 13?
1169170
Convert -511312 (base 10) to base 16.
-7cd50
4c4a4b (base 14) to base 5
1133002131
What is 3c98c (base 16) in base 3?
110121110202
Convert 234130303 (base 5) to base 4.
10020131003
Convert -14a11 (base 16) to base 5.
-10200442
What is b1031 (base 15) in base 14?
108292
Convert 2053446 (base 8) to base 5.
114442343
Convert 145680 (base 10) to base 8.
434420
1a366 (base 14) to base 12
32606
156817 (base 16) to base 9
2567371
Convert -206b9 (base 12) to base 16.
-a5ed
41948a (base 15) to base 5
1244311110
5074952 (base 11) to base 6
520104442
Convert -d6168 (base 14) to base 7.
-4246561
Convert 224735 (base 9) to base 5.
13302420
What is -3a186 (base 16) in base 4?
-322012012
Convert -34b01a (base 13) to base 6.
-42501425
Convert 52115 (base 6) to base 11.
5257
What is -10331000 (base 4) in base 5?
-1122123
Convert -231332320031 (base 4) to base 16.
-b7ee0d
4bb77 (base 14) to base 2
101101011011111101
11102320002 (base 4) to base 13
397a2b
-246480 (base 9) to base 2
-100100011001111000
Convert -1760830 (base 9) to base 14.
-1b8c89
What is -259647 (base 10) in base 16?
-3f63f
-26a46 (base 11) to base 6
-454212
1122330210 (base 4) to base 5
43410031
Convert 20f76 (base 16) to base 11.
924a5
86582 (base 12) to base 5
21131244
-40521445 (base 7) to base 12
-1172111
-4df37 (base 16) to base 6
-10502103
-305517 (base 11) to base 5
-111143211
What is 74282 (base 9) in base 16?
bfb7
What is -193924 (base 12) in base 11?
-282066
Convert -1b763a (base 12) to base 8.
-1674716
Convert -71963 (base 10) to base 7.
-416543
What is 16878c (base 13) in base 15?
b15a9
Convert -e126d0 (base 16) to base 8.
-70223320
Convert -11d0c91 (base 14) to base 15.
-b44082
What is 2303222 (base 5) in base 4?
22001212
Convert 5553708 (base 9) to base 14.
57acdb
What is -110110010111000000111 (base 2) in base 15?
-252ba5
Convert -78592 (base 10) to base 2.
-10011001100000000
What is -523100 (base 12) in base 8?
-4731320
Convert 100000001110110100001110 (base 2) to base 13.
199aaa9
Convert -4107260 (base 8) to base 6.
-35131344
Convert 2a26ab (base 16) to base 9.
5170275
Convert -101011011222000 (base 3) to base 12.
-1983160
Convert -22550426 (base 7) to base 3.
-10201112011222
-474219 (base 11) to base 14
-158221
What is -13131212011 (base 4) in base 3?
-10200101102221
What is -1022132220 (base 4) in base 6?
-10312200
What is 57a0150 (base 11) in base 6?
1001054124
Convert -1014132320 (base 6) to base 12.
-36510a0
Convert -610175 (base 8) to base 16.
-3107d
What is -2619b5 (base 12) in base 10?
-625241
Convert -2646846 (base 10) to base 13.
-7189a7
What is 233ba4 (base 12) in base 8?
2122754
Convert -294319 (base 14) to base 6.
-50414055
16d94d (base 16) to base 9
2732061
-1405142 (base 6) to base 14
-20a7c
Convert -53430 (base 11) to base 12.
-38b83
What is 93267 (base 13) in base 4?
1000131333
Convert -22231022313 (base 4) to base 10.
-2806455
Convert 12989d4 (base 14) to base 2.
100010001111000111101110
120002211112 (base 3) to base 14
7a4c7
What is 30c7d (base 15) in base 2?
100101110001000101
354c1 (base 13) to base 10
97501
-5009768 (base 11) to base 12
-2b79615
Convert 606d2 (base 16) to base 4.
1200123102
-10010011000101011101 (base 2) to base 5
-123234321
What is 11544322 (base 6) in base 3?
200212210112
-3121303021 (base 5) to base 15
-870a0b
1001011010101100101001 (base 2) to base 9
4572313
747464a (base 11) to base 5
11331404342
What is -233230032101 (base 4) in base 10?
-12501905
What is -706e1 (base 15) in base 13?
-c6019
Convert -111111211010 (base 3) to base 12.
-109aa9
What is 27710 (base 9) in base 8?
44561
Convert -446044 (base 7) to base 12.
-3980a
What is 45565016 (base 7) in base 9?
7440065
-1055164 (base 7) to base 12
-640b4
What is 10220133313 (base 4) in base 11?
75a490
What is -2220330 (base 5) in base 12?
-1a588
2543866 (base 10) to base 11
1488276
Convert -767335 (base 10) to base 9.
-1388524
What is 25348 (base 11) in base 15?
ab87
211616 (base 13) to base 2
10111101000011101001
Convert -b160 (base 12) to base 5.
-1103344
What is -8074713 (base 11) in base 13?
-2c603ba
281253b (base 12) to base 5
4021100313
Convert 633776 (base 11) to base 7.
11425425
-1b146 (base 15) to base 4
-111133221
What is 9a135b (base 14) in base 6?
304015353
Convert -10332 (base 14) to base 3.
-1222120020
-201120021111 (base 3) to base 6
-12130534
6f2a90 (base 16) to base 7
115632132
-36b677 (base 14) to base 16
-1c9de9
Convert -5b12 (base 12) to base 2.
-10011111111110
What is 1a24798 (base 11) in base 7?
41022640
Convert -47a0ad (base 14) to base 6.
-124244225
-252514 (base 7) to base 11
-31a89
Convert 101011010110010011010 (base 2) to base 4.
11122302122
Convert 99862 (base 12) to base 5.
23002102
What is -1000102202 (base 3) in base 15?
-5dd5
-8776 (base 10) to base 9
-13031
What is 485704 (base 15) in base 12?
11aaa4a
What is -31da97 (base 14) in base 3?
-10011211202202
What is -113310302 (base 4) in base 7?
-554336
-1021110002101 (base 3) to base 10
-678034
-212001110021 (base 3) to base 8
-1566211
What is -639835 (base 11) in base 12?
-41417a
What is b46614 (base 12) in base 11?
166425a
Convert 2111022002122 (base 3) to base 6.
44220412
-236625 (base 9) to base 11
-98205
3163166 (base 10) to base 7
35613026
Convert -2224656 (base 8) to base 7.
-5050466
Convert 455576 (base 8) to base 14.
40434
Convert -3037614 (base 10) to base 3.
-12201022211020
Convert 4085084 (base 9) to base 15.
2d179d
Convert 1230744 (base 11) to base 16.
20a171
What is 2020212201121 (base 3) in base 9?
2225647
Convert 2034412 (base 10) to base 15.
2a2bc7
What is -b528b (base 13) in base 11?
-2026a9
What is -11001000000110001 (base 2) in base 5?
-11234244
What is -306c0 (base 14) in base 8?
-343560
-106322 (base 10) to base 7
-621656
4774724 (base 8) to base 16
13f9d4
-32897 (base 13) to base 4
-112112201
4050306 (base 10) to base 16
3dcd82
a8913a (base 14) to base 12
1ab4840
24400005 (base 6) to base 13
212c2a
1520442 (base 12) to base 3
22001001102012
Convert -20211020210 (base 3) to base 9.
-224223
What is -1bb7599 (base 12) in base 6?
-331455513
What is ace1d1 (base 15) in base 8?
37357131
Convert -1412020 (base 6) to base 3.
-11001001110
1305013 (base 6) to base 16
115a1
-31332311 (base 6) to base 11
-574966
-14546212 (base 8) to base 4
-30230302022
Convert 960032 (base 10) to base 15.
13e6c2
What is -10300623 (base 8) in base 6?
-115022003
What is 3120541 (base 6) in base 10?
150541
Convert 1cbc7c (base 14) to base 13.
2a1643
-b7219 (base 12) to base 10
-240501
89b6b (base 14) to base 8
1214703
16b10 (base 14) to base 12
29022
What is -10022 (base 4) in base 2?
-100001010
What is 1184440 (base 12) in base 13?
924414
-101011111100011010